{"id":1410,"date":"2021-03-24T10:29:48","date_gmt":"2021-03-24T16:29:48","guid":{"rendered":"http:\/\/gsamericas.com\/sistemas-arie-acondicionado\/?post_type=product&#038;p=1410"},"modified":"2021-04-05T11:21:23","modified_gmt":"2021-04-05T17:21:23","slug":"forro-pvc-blanco-35-1-2-x-102-x-20-mils","status":"publish","type":"product","link":"https:\/\/gsamericas.com\/sistemas-arie-acondicionado\/producto\/forro-pvc-blanco-35-1-2-x-102-x-20-mils\/","title":{"rendered":"Forro PVC Blanco 35-1\/2&#8243; x 102&#8242; x 20 mils"},"content":{"rendered":"<p><a href=\"http:\/\/gsamericas.com\/sistemas-arie-acondicionado\/wp-content\/uploads\/2021\/03\/25-50-Smokesafe-PVC-Jacket.pdf\" target=\"_blank\" rel=\"noopener noreferrer\">Ficha t\u00e9cnica<\/a><\/p>\n","protected":false},"excerpt":{"rendered":"<p><em><strong>Marca:<\/strong> Speedline<\/em><\/p>\n<p><em><strong>Modelo:<\/strong> 25\/50 Smoke-Safe<\/em><\/p>\n<p><em><strong>Unidad de Medida:<\/strong> Rollo<\/em><\/p>\n<p><em><strong>Empaque de f\u00e1brica:<\/strong> Unidad<\/em><\/p>\n<p><strong><em>Especificaciones:<\/em><\/strong><\/p>\n<ul>\n<li><em>Propagaci\u00f3n del fuego: 25 o menos.<\/em><\/li>\n<li><em>Desarrollo de humo: 50 o menos.<\/em><\/li>\n<li><em>Peso espec\u00edfico: 1.46<\/em><\/li>\n<li><em>Resistencia a la tracci\u00f3n: 7000 lb\/in2<\/em><\/li>\n<li><em>Permeabilidad @.020&#8243;: 0.05<\/em><\/li>\n<li><em>Conductancia el\u00e9ctrica: No<\/em><\/li>\n<li><em>Rango de temperatura de aplicaci\u00f3n: -35 a 500\u00b0F (-37 a 260\u00b0C)<\/em><\/li>\n<li><em>Color: Blanco.<\/em><\/li>\n<li><em>Est\u00e1 dise\u00f1ado para aplicaciones interiores y exteriores, en facilidades industriales, institucionales y comerciales.<\/em><\/li>\n<li><em>Est\u00e1 dise\u00f1ado para cubrir tuber\u00edas y accesorios, y otros equipamientos mec\u00e1nicos con un di\u00e1metro exterior de 1-5\/8&#8243; hasta 24&#8243;, de acuerdo con la norma ASTM C-585.<\/em><\/li>\n<li><i>Funciona como barrera de vapor y asegura la integridad del sistema de aislamiento.<\/i><\/li>\n<li><em>Provee una barrera natural a la humedad, bacterias y moho.<\/em><\/li>\n<\/ul>\n<p>&nbsp;<\/p>\n<p><img class=\"alignnone size-medium wp-image-1413\" src=\"http:\/\/gsamericas.com\/sistemas-arie-acondicionado\/wp-content\/uploads\/2021\/03\/Speedline_Logo-300x50.png\" alt=\"\" width=\"300\" height=\"50\" srcset=\"https:\/\/gsamericas.com\/sistemas-arie-acondicionado\/wp-content\/uploads\/2021\/03\/Speedline_Logo-200x33.png 200w, https:\/\/gsamericas.com\/sistemas-arie-acondicionado\/wp-content\/uploads\/2021\/03\/Speedline_Logo-300x50.png 300w, https:\/\/gsamericas.com\/sistemas-arie-acondicionado\/wp-content\/uploads\/2021\/03\/Speedline_Logo-400x67.png 400w, https:\/\/gsamericas.com\/sistemas-arie-acondicionado\/wp-content\/uploads\/2021\/03\/Speedline_Logo.png 448w\" sizes=\"(max-width: 300px) 100vw, 300px\" \/><\/p>\n","protected":false},"featured_media":1468,"template":"","meta":{"spay_email":""},"_links":{"self":[{"href":"https:\/\/gsamericas.com\/sistemas-arie-acondicionado\/wp-json\/wp\/v2\/product\/1410"}],"collection":[{"href":"https:\/\/gsamericas.com\/sistemas-arie-acondicionado\/wp-json\/wp\/v2\/product"}],"about":[{"href":"https:\/\/gsamericas.com\/sistemas-arie-acondicionado\/wp-json\/wp\/v2\/types\/product"}],"wp:featuredmedia":[{"embeddable":true,"href":"https:\/\/gsamericas.com\/sistemas-arie-acondicionado\/wp-json\/wp\/v2\/media\/1468"}],"wp:attachment":[{"href":"https:\/\/gsamericas.com\/sistemas-arie-acondicionado\/wp-json\/wp\/v2\/media?parent=1410"}],"curies":[{"name":"wp","href":"https:\/\/api.w.org\/{rel}","templated":true}]}}