{"id":1383,"date":"2021-03-23T15:13:16","date_gmt":"2021-03-23T21:13:16","guid":{"rendered":"http:\/\/gsamericas.com\/sistemas-arie-acondicionado\/?post_type=product&#038;p=1383"},"modified":"2021-04-05T11:01:01","modified_gmt":"2021-04-05T17:01:01","slug":"bushing-de-bronce-%c2%bd-i-d-dkp-5","status":"publish","type":"product","link":"https:\/\/gsamericas.com\/sistemas-arie-acondicionado\/producto\/bushing-de-bronce-%c2%bd-i-d-dkp-5\/","title":{"rendered":"Bushing de Bronce  \u00bd\u201d.I.D. DKP-5"},"content":{"rendered":"<p><a href=\"https:\/\/www.carlislehvac.com\/view.aspx?mode=media&amp;contentID=352\" target=\"_blank\" rel=\"noopener noreferrer\">Ficha t\u00e9cnica<\/a><\/p>\n<p>&nbsp;<\/p>\n","protected":false},"excerpt":{"rendered":"<p><em><strong>Marca:<\/strong> Hardcast<\/em><\/p>\n<p><em><strong>Modelo:<\/strong> 307934<\/em><\/p>\n<p><em><strong>Unidad de Medida:<\/strong> Unidad<\/em><\/p>\n<p><em><strong>Empaque de f\u00e1brica:<\/strong> 100 pz \/caja<\/em><\/p>\n<p><strong><em>Especificaciones:<\/em><\/strong><\/p>\n<ul>\n<li><em>Fabricados seg\u00fan las especificaciones autolubricadas de Oilite con aceite de alta temperatura.<\/em><\/li>\n<li><em>Est\u00e1n dise\u00f1ados para encajar a presi\u00f3n en un orificio perforado de 5\/8&#8243;.<\/em><\/li>\n<\/ul>\n<p>&nbsp;<\/p>\n<p><img class=\"alignnone size-full wp-image-1388\" src=\"http:\/\/gsamericas.com\/sistemas-arie-acondicionado\/wp-content\/uploads\/2021\/03\/Hardcast-Logo.gif\" alt=\"\" width=\"245\" height=\"54\" \/><\/p>\n","protected":false},"featured_media":1462,"template":"","meta":{"spay_email":""},"_links":{"self":[{"href":"https:\/\/gsamericas.com\/sistemas-arie-acondicionado\/wp-json\/wp\/v2\/product\/1383"}],"collection":[{"href":"https:\/\/gsamericas.com\/sistemas-arie-acondicionado\/wp-json\/wp\/v2\/product"}],"about":[{"href":"https:\/\/gsamericas.com\/sistemas-arie-acondicionado\/wp-json\/wp\/v2\/types\/product"}],"wp:featuredmedia":[{"embeddable":true,"href":"https:\/\/gsamericas.com\/sistemas-arie-acondicionado\/wp-json\/wp\/v2\/media\/1462"}],"wp:attachment":[{"href":"https:\/\/gsamericas.com\/sistemas-arie-acondicionado\/wp-json\/wp\/v2\/media?parent=1383"}],"curies":[{"name":"wp","href":"https:\/\/api.w.org\/{rel}","templated":true}]}}