{"id":868,"date":"2021-02-02T12:09:55","date_gmt":"2021-02-02T18:09:55","guid":{"rendered":"http:\/\/gsamericas.com\/aseguramiento-de-la-calidad\/?post_type=product&#038;p=868"},"modified":"2021-03-18T16:51:15","modified_gmt":"2021-03-18T22:51:15","slug":"transportswab-dispositivo-de-dilucion-y-recoleccion-de-muestras-ambientales","status":"publish","type":"product","link":"https:\/\/gsamericas.com\/aseguramiento-de-la-calidad\/producto\/transportswab-dispositivo-de-dilucion-y-recoleccion-de-muestras-ambientales\/","title":{"rendered":"TransportSwab: Dispositivo de diluci\u00f3n y recolecci\u00f3n de muestras ambientales"},"content":{"rendered":"<ul>\n<li>Hisopo de ray\u00f3n<\/li>\n<li>Tapa superior de rosca<\/li>\n<li>Etiqueta para escribir para una f\u00e1cil identificaci\u00f3n de la muestra<\/li>\n<li>Disponible en 4 ml o 10 ml<\/li>\n<li>Diluyentes disponibles: Caldo Letheen, Agua de peptona tamponada<\/li>\n<li>Vida \u00fatil: 18 meses a 2 \u00b0 &#8211; 8 \u00b0 C<\/li>\n<\/ul>\n<p><strong>Informaci\u00f3n Adicional<\/strong><\/p>\n<p><a href=\"http:\/\/gsamericas.com\/aseguramiento-de-la-calidad\/wp-content\/uploads\/2021\/02\/Manual-de-uso.-Ingles.pdf\" target=\"_blank\" rel=\"noopener noreferrer\">Ficha T\u00e9cnica<\/a><\/p>\n<p>&nbsp;<\/p>\n","protected":false},"excerpt":{"rendered":"<p><strong>C\u00f3digo<\/strong>\u00a0 \u00a0HTS-10<\/p>\n<p><strong>Marca\u00a0\u00a0 <\/strong>\u00a0HYGIENA<\/p>\n<p><img class=\"alignnone size-medium wp-image-713\" src=\"http:\/\/gsamericas.com\/aseguramiento-de-la-calidad\/wp-content\/uploads\/2021\/01\/hygiena-300x168.png\" alt=\"\" width=\"300\" height=\"168\" srcset=\"https:\/\/gsamericas.com\/aseguramiento-de-la-calidad\/wp-content\/uploads\/2021\/01\/hygiena-200x112.png 200w, https:\/\/gsamericas.com\/aseguramiento-de-la-calidad\/wp-content\/uploads\/2021\/01\/hygiena-300x168.png 300w, https:\/\/gsamericas.com\/aseguramiento-de-la-calidad\/wp-content\/uploads\/2021\/01\/hygiena-400x224.png 400w, https:\/\/gsamericas.com\/aseguramiento-de-la-calidad\/wp-content\/uploads\/2021\/01\/hygiena-500x281.png 500w, https:\/\/gsamericas.com\/aseguramiento-de-la-calidad\/wp-content\/uploads\/2021\/01\/hygiena-600x337.png 600w, https:\/\/gsamericas.com\/aseguramiento-de-la-calidad\/wp-content\/uploads\/2021\/01\/hygiena-700x393.png 700w, https:\/\/gsamericas.com\/aseguramiento-de-la-calidad\/wp-content\/uploads\/2021\/01\/hygiena-768x431.png 768w, https:\/\/gsamericas.com\/aseguramiento-de-la-calidad\/wp-content\/uploads\/2021\/01\/hygiena-800x449.png 800w, https:\/\/gsamericas.com\/aseguramiento-de-la-calidad\/wp-content\/uploads\/2021\/01\/hygiena-1024x575.png 1024w, https:\/\/gsamericas.com\/aseguramiento-de-la-calidad\/wp-content\/uploads\/2021\/01\/hygiena-1200x673.png 1200w, https:\/\/gsamericas.com\/aseguramiento-de-la-calidad\/wp-content\/uploads\/2021\/01\/hygiena-1536x862.png 1536w, https:\/\/gsamericas.com\/aseguramiento-de-la-calidad\/wp-content\/uploads\/2021\/01\/hygiena.png 1925w\" sizes=\"(max-width: 300px) 100vw, 300px\" \/><\/p>\n<p><strong>Descripci\u00f3n General<\/strong><\/p>\n<p>TransportSwab es la soluci\u00f3n ideal para los clientes que requieren un dispositivo de recolecci\u00f3n de muestras ambientales que contenga m\u00e1s de 1 ml de caldo l\u00edquido precargado. Est\u00e1 disponible en vol\u00famenes de 4 ml y 10 ml. Los frascos precargados vienen esterilizados y con un amplio espacio en la cabeza para una muestra adicional. Transport Swab hace que la recolecci\u00f3n de muestras sea eficiente y f\u00e1cil; simplemente limpie una superficie, vuelva a tapar y env\u00ede al laboratorio.<\/p>\n<p>&nbsp;<\/p>\n","protected":false},"featured_media":994,"template":"","meta":{"spay_email":""},"_links":{"self":[{"href":"https:\/\/gsamericas.com\/aseguramiento-de-la-calidad\/wp-json\/wp\/v2\/product\/868"}],"collection":[{"href":"https:\/\/gsamericas.com\/aseguramiento-de-la-calidad\/wp-json\/wp\/v2\/product"}],"about":[{"href":"https:\/\/gsamericas.com\/aseguramiento-de-la-calidad\/wp-json\/wp\/v2\/types\/product"}],"wp:featuredmedia":[{"embeddable":true,"href":"https:\/\/gsamericas.com\/aseguramiento-de-la-calidad\/wp-json\/wp\/v2\/media\/994"}],"wp:attachment":[{"href":"https:\/\/gsamericas.com\/aseguramiento-de-la-calidad\/wp-json\/wp\/v2\/media?parent=868"}],"curies":[{"name":"wp","href":"https:\/\/api.w.org\/{rel}","templated":true}]}}