{"id":849,"date":"2021-02-02T09:07:36","date_gmt":"2021-02-02T15:07:36","guid":{"rendered":"http:\/\/gsamericas.com\/aseguramiento-de-la-calidad\/?post_type=product&#038;p=849"},"modified":"2021-03-18T16:55:33","modified_gmt":"2021-03-18T22:55:33","slug":"ensure-touch","status":"publish","type":"product","link":"https:\/\/gsamericas.com\/aseguramiento-de-la-calidad\/producto\/ensure-touch\/","title":{"rendered":"Lumin\u00f3metro EnSURE Touch"},"content":{"rendered":"<ul>\n<li>Plataforma de instrumentos para recopilar, analizar y reportar datos de m\u00faltiples indicadores de calidad<\/li>\n<li>Funciona como una tableta y se puede configurar seg\u00fan sus necesidades<\/li>\n<li>Conectividad Wi-Fi a software de escritorio o basado en la nube<\/li>\n<li>Ayuda a desarrollar y mejorar los procesos y los programas de evaluaci\u00f3n de riesgos (es decir, HACCP y BPM)<\/li>\n<li>No es necesario un mantenimiento anual programado<\/li>\n<li>Dispositivo de verificaci\u00f3n de calibraci\u00f3n LED disponible para la confirmaci\u00f3n interna de la calibraci\u00f3n<\/li>\n<li>Software SureTrend Cloud de cortes\u00eda<\/li>\n<li>Mide ATP, ATP de alta sensibilidad \/ prevenci\u00f3n de al\u00e9rgenos, TVC, Enterobacteriaceae, Coliform, E. coli, ALP y dispositivos de prueba ACP.<\/li>\n<li>Los resultados de ATP en tiempo real y los resultados del indicador microbiano del mismo cambio hacen de EnSURE \u2122 Touch un \u00fatil sistema de resoluci\u00f3n de problemas<\/li>\n<li>Sensible: puede detectar hasta 0.1 femtomole de ATP<\/li>\n<li>Tecnolog\u00eda avanzada de sensor de fotodiodo: el detector de estado s\u00f3lido interno no se ve afectado por ca\u00eddas o sacudidas<\/li>\n<li>Almacenamiento: 2 GB de almacenamiento<\/li>\n<\/ul>\n<p><strong>\u00a0<\/strong><strong>Informaci\u00f3n Adicional<\/strong><\/p>\n<p><a href=\"https:\/\/www.youtube.com\/watch?v=Cno4HwAvAAQ&amp;t=30s\" target=\"_blank\" rel=\"noopener noreferrer\">Video demostrativo<\/a><\/p>\n<p><a href=\"http:\/\/gsamericas.com\/aseguramiento-de-la-calidad\/wp-content\/uploads\/2021\/02\/Brochure-EnSure-Touch.pdf\" target=\"_blank\" rel=\"noopener noreferrer\">Brochure<\/a><\/p>\n<p><a href=\"http:\/\/gsamericas.com\/aseguramiento-de-la-calidad\/wp-content\/uploads\/2021\/02\/Hygiene_Monitoring_Guide.pdf\" target=\"_blank\" rel=\"noopener noreferrer\">Gu\u00eda de Monitoreo de Higiene<\/a><\/p>\n","protected":false},"excerpt":{"rendered":"<p><strong>C\u00f3digo<\/strong> \u00a0 TOUCH<\/p>\n<p><strong>Marca\u00a0\u00a0 <\/strong>\u00a0HYGIENA<\/p>\n<p><img class=\"alignnone size-medium wp-image-713\" src=\"http:\/\/gsamericas.com\/aseguramiento-de-la-calidad\/wp-content\/uploads\/2021\/01\/hygiena-300x168.png\" alt=\"\" width=\"300\" height=\"168\" srcset=\"https:\/\/gsamericas.com\/aseguramiento-de-la-calidad\/wp-content\/uploads\/2021\/01\/hygiena-200x112.png 200w, https:\/\/gsamericas.com\/aseguramiento-de-la-calidad\/wp-content\/uploads\/2021\/01\/hygiena-300x168.png 300w, https:\/\/gsamericas.com\/aseguramiento-de-la-calidad\/wp-content\/uploads\/2021\/01\/hygiena-400x224.png 400w, https:\/\/gsamericas.com\/aseguramiento-de-la-calidad\/wp-content\/uploads\/2021\/01\/hygiena-500x281.png 500w, https:\/\/gsamericas.com\/aseguramiento-de-la-calidad\/wp-content\/uploads\/2021\/01\/hygiena-600x337.png 600w, https:\/\/gsamericas.com\/aseguramiento-de-la-calidad\/wp-content\/uploads\/2021\/01\/hygiena-700x393.png 700w, https:\/\/gsamericas.com\/aseguramiento-de-la-calidad\/wp-content\/uploads\/2021\/01\/hygiena-768x431.png 768w, https:\/\/gsamericas.com\/aseguramiento-de-la-calidad\/wp-content\/uploads\/2021\/01\/hygiena-800x449.png 800w, https:\/\/gsamericas.com\/aseguramiento-de-la-calidad\/wp-content\/uploads\/2021\/01\/hygiena-1024x575.png 1024w, https:\/\/gsamericas.com\/aseguramiento-de-la-calidad\/wp-content\/uploads\/2021\/01\/hygiena-1200x673.png 1200w, https:\/\/gsamericas.com\/aseguramiento-de-la-calidad\/wp-content\/uploads\/2021\/01\/hygiena-1536x862.png 1536w, https:\/\/gsamericas.com\/aseguramiento-de-la-calidad\/wp-content\/uploads\/2021\/01\/hygiena.png 1925w\" sizes=\"(max-width: 300px) 100vw, 300px\" \/><\/p>\n<p><strong>Descripci\u00f3n General<\/strong><\/p>\n<p>EnSURE \u2122 Touch es un sistema de monitoreo avanzado que recopila, analiza y reporta datos de una variedad de pruebas de calidad confiables, proporcionando datos de verificaci\u00f3n de saneamiento r\u00e1pidos y precisos. Este lumin\u00f3metro cuenta con una pantalla t\u00e1ctil de 5 pulgadas, tecnolog\u00eda de sincronizaci\u00f3n inal\u00e1mbrica y software basado en la nube. Est\u00e1 dise\u00f1ado para adaptarse a su lugar de trabajo, proporcionando los datos que necesita para el monitoreo complejo de la cadena de suministro en m\u00faltiples ubicaciones, la auditor\u00eda y la gesti\u00f3n de riesgos, y la prevenci\u00f3n de retiradas.<\/p>\n","protected":false},"featured_media":1060,"template":"","meta":{"spay_email":""},"_links":{"self":[{"href":"https:\/\/gsamericas.com\/aseguramiento-de-la-calidad\/wp-json\/wp\/v2\/product\/849"}],"collection":[{"href":"https:\/\/gsamericas.com\/aseguramiento-de-la-calidad\/wp-json\/wp\/v2\/product"}],"about":[{"href":"https:\/\/gsamericas.com\/aseguramiento-de-la-calidad\/wp-json\/wp\/v2\/types\/product"}],"wp:featuredmedia":[{"embeddable":true,"href":"https:\/\/gsamericas.com\/aseguramiento-de-la-calidad\/wp-json\/wp\/v2\/media\/1060"}],"wp:attachment":[{"href":"https:\/\/gsamericas.com\/aseguramiento-de-la-calidad\/wp-json\/wp\/v2\/media?parent=849"}],"curies":[{"name":"wp","href":"https:\/\/api.w.org\/{rel}","templated":true}]}}