{"id":730,"date":"2021-01-27T15:54:01","date_gmt":"2021-01-27T21:54:01","guid":{"rendered":"http:\/\/gsamericas.com\/aseguramiento-de-la-calidad\/?post_type=product&#038;p=730"},"modified":"2021-02-01T11:47:57","modified_gmt":"2021-02-01T17:47:57","slug":"supersnap","status":"publish","type":"product","link":"https:\/\/gsamericas.com\/aseguramiento-de-la-calidad\/producto\/supersnap\/","title":{"rendered":"SuperSnap: Prueba Alta Sensibilidad de ATP"},"content":{"rendered":"<ul>\n<li>Alta sensibilidad Detecta de 0.1-1 femtomoles de ATP. Es 4 veces m\u00e1s sensible que el UltraSanap y 100 veces m\u00e1s sensible que otros sistemas en el mercado cuando se utiliza con el sistema de monitoreo ENSURE.<\/li>\n<li>Reactivo robusto resistente a los efectos de desinfectantes y excesos de temperatura.<\/li>\n<li>Resultados en 15 segundos<\/li>\n<li>Material reciclable<\/li>\n<li>Larga vida \u00fatil\n<ul>\n<li>15 meses en refrigeraci\u00f3n (2-8\u00b0C)<\/li>\n<li>4 meses a temperatura ambiente (21-25\u00b0C)<\/li>\n<\/ul>\n<\/li>\n<li>Compatible con lumin\u00f3metros\n<ul>\n<li>EnSURETouch<\/li>\n<li>EnSURE<\/li>\n<li>SystemSURE<\/li>\n<\/ul>\n<\/li>\n<\/ul>\n<p><strong>\u00a0<\/strong><strong>Informaci\u00f3n Adicional<\/strong><\/p>\n<p><a href=\"https:\/\/www.youtube.com\/watch?v=Xp996P7LoNU\" target=\"_blank\" rel=\"noopener noreferrer\">Video demostrativo<\/a><\/p>\n<p><a href=\"http:\/\/gsamericas.com\/aseguramiento-de-la-calidad\/wp-content\/uploads\/2021\/01\/Manual-de-uso-SuperSnap.pdf\" target=\"_blank\" rel=\"noopener noreferrer\">Ficha t\u00e9cnica<\/a><\/p>\n<p>&nbsp;<\/p>\n","protected":false},"excerpt":{"rendered":"<p><strong>C\u00f3digo<\/strong> \u00a0\u00a0SUS3000<\/p>\n<p><strong>Marca\u00a0\u00a0 <\/strong>\u00a0HYGIENA<\/p>\n<p><img class=\"alignnone wp-image-713\" src=\"http:\/\/gsamericas.com\/aseguramiento-de-la-calidad\/wp-content\/uploads\/2021\/01\/hygiena-300x168.png\" alt=\"\" width=\"300\" height=\"168\" srcset=\"https:\/\/gsamericas.com\/aseguramiento-de-la-calidad\/wp-content\/uploads\/2021\/01\/hygiena-200x112.png 200w, https:\/\/gsamericas.com\/aseguramiento-de-la-calidad\/wp-content\/uploads\/2021\/01\/hygiena-300x168.png 300w, https:\/\/gsamericas.com\/aseguramiento-de-la-calidad\/wp-content\/uploads\/2021\/01\/hygiena-400x224.png 400w, https:\/\/gsamericas.com\/aseguramiento-de-la-calidad\/wp-content\/uploads\/2021\/01\/hygiena-500x281.png 500w, https:\/\/gsamericas.com\/aseguramiento-de-la-calidad\/wp-content\/uploads\/2021\/01\/hygiena-600x337.png 600w, https:\/\/gsamericas.com\/aseguramiento-de-la-calidad\/wp-content\/uploads\/2021\/01\/hygiena-700x393.png 700w, https:\/\/gsamericas.com\/aseguramiento-de-la-calidad\/wp-content\/uploads\/2021\/01\/hygiena-768x431.png 768w, https:\/\/gsamericas.com\/aseguramiento-de-la-calidad\/wp-content\/uploads\/2021\/01\/hygiena-800x449.png 800w, https:\/\/gsamericas.com\/aseguramiento-de-la-calidad\/wp-content\/uploads\/2021\/01\/hygiena-1024x575.png 1024w, https:\/\/gsamericas.com\/aseguramiento-de-la-calidad\/wp-content\/uploads\/2021\/01\/hygiena-1200x673.png 1200w, https:\/\/gsamericas.com\/aseguramiento-de-la-calidad\/wp-content\/uploads\/2021\/01\/hygiena-1536x862.png 1536w, https:\/\/gsamericas.com\/aseguramiento-de-la-calidad\/wp-content\/uploads\/2021\/01\/hygiena.png 1925w\" sizes=\"(max-width: 300px) 100vw, 300px\" \/><\/p>\n<p><strong>Descripci\u00f3n General<\/strong><\/p>\n<p>SuperSnap es la prueba m\u00e1s sensible de ATP en la l\u00ednea de dispositivos de Hygiena para el monitoreo de ATP, dise\u00f1ada para usarse con los lumin\u00f3metros de Hygiena. La prueba se utiliza principalmente en plantas de alimentos y bebidas donde se requieren los m\u00e1s altos est\u00e1ndares de higiene. Mediante este dispositivo en un programa de seguridad alimentaria, los riesgos y problemas se registran en tiempo real, por lo que la acci\u00f3n correctiva se puede realizar antes de que ocurran cambios en las l\u00edneas del producto.<\/p>\n","protected":false},"featured_media":832,"template":"","meta":{"spay_email":""},"_links":{"self":[{"href":"https:\/\/gsamericas.com\/aseguramiento-de-la-calidad\/wp-json\/wp\/v2\/product\/730"}],"collection":[{"href":"https:\/\/gsamericas.com\/aseguramiento-de-la-calidad\/wp-json\/wp\/v2\/product"}],"about":[{"href":"https:\/\/gsamericas.com\/aseguramiento-de-la-calidad\/wp-json\/wp\/v2\/types\/product"}],"wp:featuredmedia":[{"embeddable":true,"href":"https:\/\/gsamericas.com\/aseguramiento-de-la-calidad\/wp-json\/wp\/v2\/media\/832"}],"wp:attachment":[{"href":"https:\/\/gsamericas.com\/aseguramiento-de-la-calidad\/wp-json\/wp\/v2\/media?parent=730"}],"curies":[{"name":"wp","href":"https:\/\/api.w.org\/{rel}","templated":true}]}}